z*y - 2 - 1 + 2 + y**2 + 10. What is the units digit of d(6)?
9
Let i = -11 - -45. What is the tens digit of i?
3
Let o(c) = -c**2 - 11*c. Let b be o(-9). Suppose 3*l + 27 = -4*t, 5*t + 15 = -3*l - b. Let q = t - -10. What is the units digit of q?
4
What is the tens digit of (40 + -4)*(-4)/(-6)?
2
Let k(g) = 2*g**3 - 5*g**2 - 2*g - 1. What is the tens digit of k(4)?
3
What is the tens digit of (((-10)/(-30))/((-2)/(-90)))/1?
1
Let r(i) = 367*i + 2. Let u be r(4). What is the tens digit of 4/(-10) - u/(-50)?
2
Let h(c) be the second derivative of c**3/3 + 4*c**2 + c. Let d be h(-6). Let p = d - -19. What is the tens digit of p?
1
What is the tens digit of ((-18)/81 - 2/(-9)) + 256?
5
Suppose 6 = -3*a, -4*w - a + 14 = -2*a. Suppose 2*r = 2*d - 2 - 2, w*d - 9 = 0. Let y = r - -1. What is the units digit of y?
2
Let k = -1 - -4. Suppose 0 = 3*m - 4*d - 11, -d + 6*d = k*m - 7. What is the units digit of m?
9
What is the units digit of 3278/88 - (-10)/(-8)?
6
Let j be 14/(-2) - (6 - 7). Let b = -2 - j. What is the units digit of b?
4
Let u(j) = -5. Let x(s) = -s. Let h(z) = u(z) + 2*x(z). What is the units digit of h(-9)?
3
Suppose 9*j - 4*j - 25 = 3*b, -b - 20 = -4*j. Let q(h) = 3*h + 2. Let t be q(j). Suppose t = 2*y + 5. What is the units digit of y?
6
What is the units digit of 10/2 + 1 + 0?
6
What is the hundreds digit of 4*(468/16 + -3)?
1
Let s = 4 + 1. Suppose 4*k - 4*w = -24, -14 = s*w + 6. What is the units digit of (-1)/(-5) + (-88)/k?
9
Let r = 1 + 34. What is the tens digit of r?
3
Let i(h) = h + 7. Let s be i(-3). Suppose 0 = 2*q + 3*y - 20, 0*y + 2*y - s = q. What is the units digit of q?
4
Let w(q) = q**2 - 3*q - 3. Suppose -5*v + 11 = -19. What is the units digit of w(v)?
5
Suppose 0 = 4*s - 419 - 169. What is the units digit of s?
7
Suppose 0 = -4*m + 6*m - 16. Suppose -3*f = -f - m. Suppose 0 = -2*d + 4*d - f. What is the units digit of d?
2
Let n(f) = f**3 - 3*f**2 + 4*f + 2. What is the tens digit of n(4)?
3
What is the tens digit of 348/8*(-2)/(-3)?
2
Suppose y + 4*k - 286 = -100, 4*y - k = 676. What is the units digit of y?
0
Let x(u) = u**2 + 5*u - 2. Let h = -14 - 5. Let m = 12 + h. What is the units digit of x(m)?
2
Suppose -93 = -2*i - 5*k, -k + 81 = 2*i - 0*i. What is the units digit of i?
9
Let p(o) = -4*o**2 + o + 3. Let z(q) = q. Let b(x) = 11*x**2 - 8*x - 8. Let m(t) = -b(t) - 4*z(t). Let k(y) = -3*m(y) + 8*p(y). What is the tens digit of k(6)?
1
Let o be 1/(-1)*(-80 - -1). Suppose 3*a - 5*a - o = -5*b, b = -a + 20. Let h = b - 10. What is the units digit of h?
7
Suppose 0 = -3*t + 5*f + 272, -75 = -3*t - 5*f + 157. What is the tens digit of t?
8
Let c = 1 - -5. Let w(a) = a - 2. Let m be w(c). Suppose 0 = m*q - q - 12. What is the units digit of q?
4
Suppose y = -0*y + 4. Suppose 5*v + 2*k = 42, y*v - 66 = 3*k - 14. What is the tens digit of v?
1
Suppose -2*m + 5 - 29 = 4*h, 3*h = -9. Let l = 9 + m. Suppose -4*p - 28 = -4*c + 12, -4*c + l*p + 42 = 0. What is the tens digit of c?
1
Let x(z) be the third derivative of -z**4/12 - 11*z**3/6 - z**2. Let s be x(-9). Suppose 3*p + 36 = s*p. What is the units digit of p?
9
Let u(k) = 87*k**2 - 10*k + 7. Let i(l) = 58*l**2 - 7*l + 5. Let s(w) = -7*i(w) + 5*u(w). What is the units digit of s(1)?
8
What is the units digit of (-6)/(-1) + -4 + 3?
5
Suppose 0 = 2*o + 8 - 0. Let l be 1*(0 + 0/(-2)). Let j = l - o. What is the units digit of j?
4
Suppose 6*k - 9 = 4*k - 3*c, -k + 2*c + 1 = 0. Suppose 18 + 9 = k*n. What is the units digit of n?
9
Let c = 7 + -3. Suppose 0*f - 32 = -c*f. What is the units digit of f?
8
Suppose v + 39 = 4*v. What is the tens digit of v*(-2 - (-3 + 0))?
1
Let z = 1110 - 536. What is the tens digit of z/49 + 2/7?
1
Suppose 0 = -3*a + 7 + 14. Suppose -q = 2*k - 10, -q + a = 3*q - 3*k. Suppose d = l + 5, 0*d - d = q*l. What is the units digit of d?
4
Suppose 1 - 25 = -4*y. Let w(v) = v**3 + 5*v**2 + 2. Let g be w(-5). Suppose -3*a = -r + 4, y*a - 8 = -g*r + 4*a. What is the units digit of r?
4
Suppose -4*x - t = -0 - 21, 3*x + 3*t - 27 = 0. What is the units digit of x?
4
Suppose 0*r - 5*r + 25 = 0. Suppose -2*n - 10 = -2, r*n = -u - 17. Suppose -2*z - 7 = -u*z. What is the units digit of z?
7
Let r(k) = -6 - k - k + 3*k + 2*k. What is the units digit of r(6)?
2
What is the units digit of 2299/77 + (-1)/(-7)?
0
Suppose 4*k = 5*g - 2, 5*k - 3*g - 5 = -1. Suppose k*b = 8 + 4. Suppose 3*c - b - 3 = 0. What is the units digit of c?
3
What is the hundreds digit of ((36/15)/(-4))/(2/(-590))?
1
What is the units digit of (-5 - -8)/(0 + -1) + 57?
4
Suppose 3*h + 3 = 4*h. Suppose h*i = 3*u - 27, 4*i - 11 = -3*u + 16. Suppose 0 = -5*m - u + 24. What is the units digit of m?
3
Let w be 16/(-24) - (-11)/3. Suppose -3*n = i - 11 - 1, -w*i + 43 = 2*n. What is the tens digit of i?
1
Let b(c) = -c**3 - c - 14. Let o = 3 - 3. Let w be b(o). What is the units digit of (2/1)/((-4)/w)?
7
Let y be ((-8)/3)/(-1)*6. What is the tens digit of (2/(-3))/(y/(-552))?
2
Let t(z) = z**3 - 7*z**2 + 2*z + 3. Let s be t(7). Suppose -7 = n - s. What is the tens digit of n?
1
Let s be ((-22)/3)/(12/(-18)). Let m be (-4)/6 + (-28)/12. Let w = s + m. What is the units digit of w?
8
Suppose 2*g + 4*q = -4, 0 = g + g + 3*q. What is the units digit of g?
6
Let n be 3 - (2 - (-6)/(-3)). Suppose -6 = h + v + 2*v, -6 = -n*h - v. Suppose -h*r + 4*j + 3 = 0, -j = j - 6. What is the units digit of r?
5
Suppose 40 + 474 = 2*g. What is the hundreds digit of g?
2
Let d(b) = -3*b + 4 - 2 + 4 - 4 + 2*b**2. Let i be 2 + (3 - 3) + 1. What is the tens digit of d(i)?
1
Suppose 103 = 5*x - 4*t - 78, 5*t + 20 = 0. Suppose g + 2 + 16 = -2*m, -4*g = -5*m + x. Let u = 3 - g. What is the tens digit of u?
1
Suppose -4*w = -3*w - 49. What is the units digit of w?
9
Let z = 14 - 10. Let o be (-1 + 0)/((-2)/z). Suppose o*p = j + j + 16, 5*p - j = 20. What is the units digit of p?
3
Let g(u) = 8*u + 8. Let m(v) = 17*v + 17. Let x(s) = 13*g(s) - 6*m(s). What is the tens digit of x(5)?
1
Let l(x) = x**2 + 9*x + 11. Let g be l(-8). Suppose -b = g*b - 52. What is the units digit of b?
3
Let b(n) = -3*n + 6. Let k be b(-5). Suppose 4*u - k = 27. Suppose 2*s + 3*s - u = -z, z = 4*s - 6. What is the units digit of s?
2
What is the units digit of (-27)/2*48/(-72)?
9
Let x(c) = c**2 - 11*c + 3. Let o be x(11). What is the tens digit of 1 - (-1 + o) - -15?
1
Let x be (1 - (-2 + -9)) + 0. Suppose 4 = 2*t - x. Suppose g - 3*j + 2 = -3*g, -4*g = 2*j - t. What is the units digit of g?
1
Suppose -27 = -3*m - 6. Suppose b + 2*w - m = w, 5*b + 4*w = 33. What is the units digit of b?
5
Let p be 3/(-12) - ((-29)/4 + 2). Suppose 0 = 4*n + 4, 4*o - n - 12 = 3*n. Suppose 3*d - p = -3*g + d, 0 = o*g + d - 4. What is the units digit of g?
3
Suppose 0*t + 4 = 2*t. Suppose -t*y = -4*p + 14, y - 9 = p - 2*y. What is the units digit of ((-9)/5)/(p/(-20))?
6
Let v(m) = 2*m + 8. Let l be v(-6). Let o = l + 5. What is the units digit of o?
1
Suppose 2 + 4 = -2*y, 93 = 5*i - y. Suppose -2*a - 2*v = -3 - 7, -a - 3*v + 11 = 0. Suppose -5*p = 2*z - i, a*p = p. What is the units digit of z?
9
Suppose 4*y + 82 = 2*r - 102, 2*r + 5*y - 166 = 0. What is the tens digit of r?
8
Let h be 7/3*(0 + -3). Let s(d) = d**2 + 6*d - 6. What is the units digit of s(h)?
1
Let l(r) = 5 + 6 + r - 3 - 2*r. What is the units digit of l(5)?
3
Let u(f) = 27*f - 61. What is the hundreds digit of u(9)?
1
Let w(z) = z**2 - z + 1. Let y be 1 - 3/(3*-1). Let f be w(y). Suppose -6*s + f*s + 24 = 0. What is the units digit of s?
8
Suppose -3*z + 213 = 66. What is the tens digit of z?
4
Suppose -4*q + k + 1324 = -0*k, -3*k - 1655 = -5*q. What is the units digit of q?
1
Suppose 5*h - 108 + 13 = 0. What is the tens digit of h?
1
Suppose 4*a = -s + 134, -3*s - 2*a + 352 = -0*a. Let f = 79 - s. Let b = 54 + f. What is the tens digit of b?
1
Suppose v - 4*c = 53, -5*v + 262 = -2*c + 69. What is the tens digit of v?
3
Suppose 0 = -4*o - 2*k + 78, 3*o + 3*k - 32 - 25 = 0. Suppose i + 24 = 5*x, 6*x - 5*i - o = x. What is the units digit of x?
5
What is the units digit of ((-3)/2)/((-3)/60)?
0
Suppose 4*k - 23 = -5*y + 6*k, -k = -3*y + 13. Suppose 63*n = 58*n + 20. Suppose n*q - 2 = y*q. What is the units digit of q?
2
Suppose -2*m = 6, -x - 4*m + 10 = -12. What is the units digit of x?
4
